or of o and 285.
285
Let b be -3 + -3 - (8 + -2). Suppose -3*g - 3 = -4*g. Let i be (g + -2 - 5)*b. Calculate the highest common factor of 12 and i.
12
Suppose -4*i - 10 = -22. Suppose 42 = -i*n + 8*n + 3*j, 0 = -3*n + 5*j + 32. Let o be (35 + -197)*(-2)/4. What is the highest common divisor of o and n?
9
Let n = 107 - 102. Let f = -40 + 46. Suppose -c = -5*o + f*o - 30, 0 = 4*o - 4*c - 160. Calculate the greatest common divisor of o and n.
5
Let m(z) = 23*z + 3087. Let u be m(-73). What is the highest common factor of u and 2728?
88
Let x be 6/9 + (-80)/(-15) + -4. Suppose -x*z + 21 = -3. Suppose -z*t = -5 - 19. Calculate the greatest common factor of t and 16.
2
Suppose 0 = -0*c + 2*c - 8. Suppose -c*p + 144 = -3*p. Let z be 94/6 - 4/(-12). What is the highest common factor of p and z?
16
Suppose -2*v - 6783 = -7105. What is the highest common divisor of 184 and v?
23
Let k = -5 + -6. Let g(c) = -2*c**3 - 100*c**2 + 3*c + 168. Let l be g(-50). Let i = k + l. Calculate the highest common factor of 49 and i.
7
Let z = -22 + 24. Suppose -7*i - j = -12*i + 13, -3*i + j = -9. What is the greatest common divisor of z and i?
2
Let t(l) = 28*l**2 + 22*l - 1. Let o be t(-1). What is the greatest common factor of o and 15905?
5
Let g be -6 + 1 + (4129 + -19)/10. What is the greatest common divisor of g and 667?
29
Suppose 3*t - 68 = -17. Let a = 81 + 55. Calculate the greatest common factor of a and t.
17
Let s(u) = 62*u - 268. Let i be s(21). Let d be 28 + (-2)/1 - 4. Calculate the highest common factor of i and d.
22
Let b be 2/(12/64737) + 22/(308/21). What is the highest common divisor of 165 and b?
33
Suppose -13*a = -234, -d = -3*a + 225 - 349. Let o = -30 + 653. Calculate the highest common factor of d and o.
89
Let b = -161 + 190. Let u = 456 - b. Calculate the highest common factor of 61 and u.
61
Suppose 517 = 5*x - 803. Suppose 11*j - 231 = x. Let u be (-60)/2*(-30)/j. Calculate the highest common divisor of 30 and u.
10
Let v be -45*6/((-1)/((-17)/(-10))). Let g = 7 - 4. Suppose 0 = -3*x + 2*w + 3*w + 163, -g*x - 2*w = -149. What is the greatest common factor of x and v?
51
Let o be (-3 - (-6)/6)*(-1 - 0). Suppose 265 = u + 3*n, 6*n + 1420 = 5*u + o*n. What is the highest common divisor of u and 35?
35
Suppose 2*c = -5*y - 33, 0*y - c = -4*y - 16. Let d = y - -13. Suppose 11*z = d*z + 336. Calculate the highest common factor of 16 and z.
16
Let b(w) = 2*w**3 - 85*w**2 - 40*w + 18. Let z be b(43). Calculate the greatest common factor of 252 and z.
21
Suppose 130 = 5*y - 200. Let n(d) = 125*d**2 + 6*d + 6. Let x be n(-1). Let h = x - 103. Calculate the greatest common divisor of y and h.
22
Suppose 4*q - j - 135 = 0, 5*q + 3*j = 223 - 33. Let g be (154/q)/((-9)/15 - -1). Suppose 9*c - g + 2 = 0. Calculate the highest common divisor of c and 5.
1
Let u(f) = 19*f**2 - 98*f - 23. Let l be u(13). Calculate the highest common divisor of 154 and l.
22
Suppose 1804 = -13*c + 20719. Calculate the greatest common factor of c and 60.
15
Suppose -2*z - 5*g + 36 = 0, -100*z - 96 = -104*z + 2*g. Let t be 69 - -1*(-3 - -3). Calculate the greatest common factor of z and t.
23
Suppose -2*c = 5*c - 4*c. Suppose c = -2*d - 18*d. Suppose d = 95*h - 98*h + 120. What is the greatest common divisor of h and 200?
40
Let q(r) = r**3 - 39 + 54*r - 11 - 8 + 14 + 52*r**2 + 45*r. Let h be q(-50). What is the greatest common divisor of 96 and h?
6
Suppose -5*t + 2*t = 0. Suppose v - 3*v + 396 = t. Suppose -154*n = -1083 - 1689. What is the highest common factor of v and n?
18
Suppose -23*b + 22029 + 75745 + 67550 = 0. What is the greatest common divisor of b and 12?
12
Suppose -4*f + 8*j = 3*j - 195, -j = 2*f - 101. Suppose -7*q + f = -2*q. Let z be 12540/210 - (235/35 - 7). Calculate the greatest common factor of q and z.
10
Suppose -5*w = 2*g - 7465, 51*w - 49*w - 4*g - 3010 = 0. What is the greatest common factor of 52 and w?
13
Let z be (2 - -3 - 4)*-89. Let w = 129 + z. Let n be w/4 + 1 + -5. What is the highest common factor of 66 and n?
6
Suppose -5*o - 4*u - 2 = -33, 2*o = u + 15. Suppose 0 = o*i + 10 - 31. Suppose -i*v + 34 = 4. What is the greatest common factor of v and 25?
5
Let k = -1172 - -2341. Suppose 29 = -2*j + k. What is the highest common factor of j and 30?
30
Let y(d) = 2*d**2 + 4*d - 4. Let w be y(-4). Suppose 10*g - 1573 - 897 = 0. Suppose -18*h + g + 185 = 0. Calculate the greatest common divisor of w and h.
12
Suppose 2*p = 5*q - 410, 29*q + 69 = 30*q - 3*p. Calculate the highest common factor of 4452 and q.
84
Let w(p) = 133*p. Let k be w(2). Let x(v) = -5*v + 88. Let l be x(15). Suppose -l*n - 38 = -14*n. What is the highest common divisor of n and k?
38
Let p(i) = -23*i - 974. Let y be p(-44). What is the highest common factor of y and 475?
19
Let d be (-3)/(15/(-205))*(-20 - -25). Suppose 0 = 3*v - 17 + 2. Calculate the greatest common factor of d and v.
5
Let n(h) = -h**3 - 2*h - 3. Let y be n(-2). Suppose -235107 + 235347 = 40*o. Calculate the greatest common factor of o and y.
3
Suppose 4*t = -4, 0 = -4*h - 4*t + 2*t + 318. Let y(j) = -15*j + 10. Let k be y(-6). What is the greatest common factor of k and h?
20
Suppose -1889 + 1505 = 6*l - 5874. Calculate the highest common factor of l and 120.
15
Let j be (-6 - -2 - -1) + 7. Suppose 3*c = -j*c + 448. What is the highest common divisor of 160 and c?
32
Let b be (-14)/21*1 + 20/(-6). Let r be (-6)/(13/(78/b)). Calculate the greatest common factor of r and 39.
3
Suppose -2*w - 537*s = -539*s - 84, 5*s + 18 = -w. Let t be (1 - -1)/(2/128). Calculate the highest common factor of t and w.
32
Suppose 564*t = 591*t - 8736 + 1554. What is the greatest common divisor of t and 490?
14
Let u(d) = 46*d - 104. Let q be u(11). Suppose -2*w + q = -3*l, w - 5*l + 82 - 290 = 0. Calculate the greatest common factor of w and 18.
18
Suppose -46*u - 200 + 51398 = 0. Calculate the greatest common divisor of u and 189.
21
Suppose -5*j = -6*c + 3*c + 629, 0 = 5*c + j - 1039. Suppose -c = 12*f - 1936. Calculate the highest common factor of 63 and f.
9
Let o be (-3)/(9/(-8)) - (-2)/6. Suppose -4*x - 5*b - o = 0, 3*x = 5*b + 7 + 17. Let c be 4/(x + 42/(-18)). What is the highest common divisor of c and 78?
6
Let b be (-14)/(-77) - (-8918)/77. Let l be 3/6 + (-6)/(-4). Suppose -l*x = -b - 264. What is the greatest common factor of x and 38?
38
Suppose 0 = 8*u + 2 + 6. Let b be 5 + u - -2 - -53. What is the greatest common divisor of 472 and b?
59
Let q(y) = -46*y + 346. Let o be q(3). What is the highest common factor of o and 78?
26
Let p = 2143 + -1723. What is the greatest common factor of p and 245?
35
Suppose -9238*i + 9232*i = -2964. Calculate the greatest common factor of i and 130.
26
Suppose -2*f + x = -811 + 308, x = -3*f + 772. Calculate the highest common divisor of f and 825.
15
Let c(q) = q**3 + 2*q**2 - 19*q - 13. Let n be c(-5). Let d be -44*(45/(-6) + n). What is the greatest common divisor of 473 and d?
11
Suppose -608*u + 604*u = -140. Suppose -u*d + 336 = -32*d. Calculate the highest common factor of 32 and d.
16
Suppose -3*l - 3*t + 180 = -69, 4*t - 245 = -3*l. Suppose l*h - 93*h = -138. Calculate the greatest common divisor of h and 483.
23
Let r be 2/((10 - 399/42)/(1/2)). Let t(i) = 3*i**2 - 3*i - 4. Let b be t(4). What is the highest common factor of r and b?
2
Let f = 51 + -20. Let y be (3/9)/(22/16368). Suppose s - y = -3*s. What is the highest common factor of f and s?
31
Suppose 59*v - 72*v = -65. Suppose 5*p = -v*z + 220, p + 7 - 96 = -2*z. What is the highest common factor of z and 300?
15
Suppose -6*f + 281*f - 453252 = 1224798. What is the greatest common divisor of f and 1130?
226
Let q(c) = c**2 - 8*c + 15. Let n = 133 + -126. Let h be q(n). Calculate the highest common divisor of h and 192.
8
Suppose -3*b = -5*p + 143, 3*b - 8*b = -5*p + 135. Suppose p*y - 157 - 91 = 0. What is the greatest common divisor of y and 40?
8
Suppose 0 = -5*f - 3*s + 879 + 353, -4*f + 5*s + 993 = 0. Suppose 57 = 5*i - 38. Calculate the greatest common divisor of f and i.
19
Let b be 2/(-4)*((-21)/7 + -1395). Suppose 0 = -6*x - 69 - b. Let y = -86 - x. Calculate the greatest common factor of y and 14.
14
Let c be -213*(((-618)/18 - (8 - 5)) + -4). Calculate the highest common factor of c and 124.
1